{"id":1090,"date":"2013-03-04T16:12:21","date_gmt":"2013-03-04T15:12:21","guid":{"rendered":"http:\/\/lhommevrai-diffusion.com\/OHV\/?page_id=1090"},"modified":"2016-11-05T17:20:00","modified_gmt":"2016-11-05T16:20:00","slug":"solidarite","status":"publish","type":"page","link":"https:\/\/lhommevrai-diffusion.com\/OHV\/solidarite\/","title":{"rendered":"Solidarit\u00e9"},"content":{"rendered":"<p><a href=\"https:\/\/i0.wp.com\/lhommevrai-diffusion.com\/OHV\/wp-content\/uploads\/2013\/03\/logo-solidarit%C3%A9.jpg\"><img data-recalc-dims=\"1\" loading=\"lazy\" decoding=\"async\" class=\"alignleft size-medium wp-image-1144\" src=\"https:\/\/i0.wp.com\/lhommevrai-diffusion.com\/OHV\/wp-content\/uploads\/2013\/03\/logo-solidarit%C3%A9-250x300.jpg?resize=250%2C300\" alt=\"Homme vrai Solidarit\u00e9\" width=\"250\" height=\"300\" srcset=\"https:\/\/i0.wp.com\/lhommevrai-diffusion.com\/OHV\/wp-content\/uploads\/2013\/03\/logo-solidarit%C3%A9.jpg?resize=250%2C300&amp;ssl=1 250w, https:\/\/i0.wp.com\/lhommevrai-diffusion.com\/OHV\/wp-content\/uploads\/2013\/03\/logo-solidarit%C3%A9.jpg?w=375&amp;ssl=1 375w\" sizes=\"auto, (max-width: 250px) 100vw, 250px\" \/><\/a>Si comme nous, vous pensez que notre soci\u00e9t\u00e9 a besoin de solidarit\u00e9 et que l&#8217;entraide est une valeur indispensable, alors nous vous invitons \u00e0 d\u00e9couvrir les actions que vous pouvez soutenir avec nous.<\/p>\n<p>En aidant l&#8217;association, vous aurez le justificatif fiscal ainsi qu&#8217;un compte rendu des actions men\u00e9es gr\u00e2ce \u00e0 vos dons.<br \/>\nMerci \u00e0 tous !<\/p>\n<p>&nbsp;<\/p>\n<h2>SANTE<\/h2>\n<p>Financement des cures de cryoth\u00e9rapie corps entier. Cette th\u00e9rapie utilis\u00e9e et rembours\u00e9e dans de nombreux pays dans le monde est inconnue ou presque en France. Les r\u00e9sultats sont pourtant spectaculaires et sans effets secondaires !<br \/>\n<a title=\"Cryoth\u00e9rapie corps entier\" href=\"http:\/\/lhommevrai-diffusion.com\/OHV\/cryotherapie-corps-entier\/\">Lire cet article <\/a>de pr\u00e9sentation et voir les vid\u00e9os d\u00e9j\u00e0 diffus\u00e9es dans les m\u00e9dias fran\u00e7ais.<\/p>\n<p>&nbsp;<\/p>\n<h2>EMPLOI &#8211; ECONOMIE<\/h2>\n<p>Des entreprises disparaissent alors que des solutions sont parfois possibles pour sauvegarder l&#8217;entreprise et les emplois.<br \/>\nL&#8217;expertise et le savoir faire de Christophe Yann ont permis \u00e0 plusieurs entreprises et leurs salari\u00e9s de sortir d&#8217;une situation d\u00e9licate et de continuer sereinement leur activit\u00e9.<\/p>\n<p>&nbsp;<\/p>\n<h2>HUMANITAIRE<\/h2>\n<p>Notre association soutient et s&#8217;engage dans des actions \u00e0 but humanitaire. Collecte de dons et de biens mat\u00e9riels pour les enfants par exemple.<\/p>\n<p>&nbsp;<\/p>\n<h2>CULTURE<\/h2>\n<p>Vos dons peuvent \u00e9galement servir \u00e0 financer en compl\u00e9ment les tourn\u00e9es de conf\u00e9rences et s\u00e9minaires en France m\u00e9tropole de Christophe Yann.<\/p>\n<p>Nous avons choisi Mailforgood pour collecter vos dons. Pour faire un don il suffit de remplir le formulaire ci-dessous.<\/p>\n<p>Merci !<\/p>\n<p><iframe id=\"haWidget\" src=\"https:\/\/www.donnerenligne.fr\/organisation-de-l-homme-vrai\/faire-un-don\" style=\"width:800px;height:750px;border:none;\" onload=\"scroll(0,0);\"><\/iframe><\/p>\n<p>&nbsp;<\/p>\n","protected":false},"excerpt":{"rendered":"<p>Si comme nous, vous pensez que notre soci\u00e9t\u00e9 a besoin de solidarit\u00e9 et que l&#8217;entraide est une valeur indispensable, alors nous vous invitons \u00e0 d\u00e9couvrir les actions que vous pouvez soutenir avec nous. En aidant l&#8217;association, vous aurez le justificatif fiscal ainsi qu&#8217;un compte rendu des actions men\u00e9es gr\u00e2ce \u00e0 vos dons. Merci \u00e0 tous [&hellip;]<\/p>\n","protected":false},"author":1,"featured_media":0,"parent":0,"menu_order":0,"comment_status":"closed","ping_status":"closed","template":"","meta":{"_bbp_topic_count":0,"_bbp_reply_count":0,"_bbp_total_topic_count":0,"_bbp_total_reply_count":0,"_bbp_voice_count":0,"_bbp_anonymous_reply_count":0,"_bbp_topic_count_hidden":0,"_bbp_reply_count_hidden":0,"_bbp_forum_subforum_count":0,"jetpack_post_was_ever_published":false,"footnotes":""},"class_list":["post-1090","page","type-page","status-publish","hentry","has-post-title","has-post-date","has-post-category","has-post-tag","has-post-comment","has-post-author",""],"jetpack_shortlink":"https:\/\/wp.me\/P77fPY-hA","jetpack_sharing_enabled":true,"_links":{"self":[{"href":"https:\/\/lhommevrai-diffusion.com\/OHV\/wp-json\/wp\/v2\/pages\/1090","targetHints":{"allow":["GET"]}}],"collection":[{"href":"https:\/\/lhommevrai-diffusion.com\/OHV\/wp-json\/wp\/v2\/pages"}],"about":[{"href":"https:\/\/lhommevrai-diffusion.com\/OHV\/wp-json\/wp\/v2\/types\/page"}],"author":[{"embeddable":true,"href":"https:\/\/lhommevrai-diffusion.com\/OHV\/wp-json\/wp\/v2\/users\/1"}],"replies":[{"embeddable":true,"href":"https:\/\/lhommevrai-diffusion.com\/OHV\/wp-json\/wp\/v2\/comments?post=1090"}],"version-history":[{"count":29,"href":"https:\/\/lhommevrai-diffusion.com\/OHV\/wp-json\/wp\/v2\/pages\/1090\/revisions"}],"predecessor-version":[{"id":5052,"href":"https:\/\/lhommevrai-diffusion.com\/OHV\/wp-json\/wp\/v2\/pages\/1090\/revisions\/5052"}],"wp:attachment":[{"href":"https:\/\/lhommevrai-diffusion.com\/OHV\/wp-json\/wp\/v2\/media?parent=1090"}],"curies":[{"name":"wp","href":"https:\/\/api.w.org\/{rel}","templated":true}]}}