{"id":193,"date":"2012-01-26T12:24:52","date_gmt":"2012-01-26T11:24:52","guid":{"rendered":"http:\/\/lhommevrai-diffusion.com\/OHV\/?page_id=193"},"modified":"2023-06-23T18:57:57","modified_gmt":"2023-06-23T16:57:57","slug":"editorial","status":"publish","type":"page","link":"https:\/\/lhommevrai-diffusion.com\/OHV\/maison-dedition\/editorial\/","title":{"rendered":"Editorial"},"content":{"rendered":"<h2 style=\"text-align: center;\"><i>Avoir acc\u00e8s \u00e0 l\u2019intelligence de la vie et \u00e0 la paix en soi ne se cherche pas.<br \/>\nC\u2019est une r\u00e9sultante naturelle d\u2019un \u00e9tat d\u2019esprit disponible \u00e0 l\u2019\u00e9v\u00e8nement et \u00e0 l\u2019action\u00a0!<\/i><\/h2>\n<h3 style=\"text-align: justify;\">Apr\u00e8s plus de 10 ans de recul, nous pouvons toujours dire que les livres publi\u00e9s sont porteurs d&#8217;une des plus grandes innovations. A contre courant, seuls ceux qui ont exp\u00e9riment\u00e9 le contenu des livres peuvent confirmer qu&#8217;il s&#8217;agit bien d&#8217;une avanc\u00e9e spectaculaire dans la fa\u00e7on de voir et de vivre la vie.<\/h3>\n<h3 style=\"text-align: justify;\">Les intellectuels et les spirituels pensent que c&#8217;est trop simple et s&#8217;en d\u00e9tournent. Restent alors les personnes pr\u00eatent \u00e0 laisser croyances et th\u00e9ories et \u00e0 s&#8217;aventurer sur le chemin de l&#8217;action.<\/h3>\n<h3 style=\"text-align: justify;\">Les livres ont pour vocation d\u2019inciter les lecteurs \u00e0 exp\u00e9rimenter un cocktail vivifiant\u00a0: l\u2019action, l\u2019auto r\u00e9f\u00e9rence et le bon sens.<\/h3>\n<h2 style=\"text-align: center;\"><em>L&#8217;intellect n&#8217;appr\u00e9hendera jamais ce que l&#8217;action r\u00e9v\u00e8le<\/em><\/h2>\n<h3 style=\"text-align: justify;\">Depuis sa cr\u00e9ation en 2005, les \u00e9ditions ont publi\u00e9 des guides pratiques, des livres de t\u00e9moignages issus du v\u00e9cu de leurs auteurs. Aucune m\u00e9thode, croyance ou dogme n\u2019est ici propos\u00e9. Certains livres ont \u00e9t\u00e9 \u00e9dit\u00e9s dans d\u2019autres pays et traduits en plusieurs langues. En 2012, nous estimions \u00e0 plus de 100.000 lecteurs dans le monde du <a href=\"https:\/\/lhommevrai-diffusion.com\/OHV\/reapprivoiser-le-bonheur\/\" target=\"_blank\" rel=\"noopener noreferrer\">premier livre<\/a>.<\/h3>\n<h3 style=\"text-align: justify;\">En 2012, les \u00e9ditions de l\u2019Homme vrai amorcent un virage en d\u00e9voilant <a href=\"https:\/\/lhommevrai-diffusion.com\/OHV\/laventure-d-un-sage\/\" target=\"_blank\" rel=\"noopener noreferrer\">le parcours<\/a> de Christophe Yann. Conscient de la difficult\u00e9 de cette annonce dans un monde peu enclin \u00e0 l\u2019inexplicable, nous avons pari\u00e9 sur la libert\u00e9 d\u2019expression, valeur essentielle (?) de notre pays.<\/h3>\n<h3 style=\"text-align: justify;\">En 2013, les \u00e9ditions se lancent un nouveau d\u00e9fi un proposant le premier tome d\u2019un <strong><a href=\"https:\/\/lhommevrai-diffusion.com\/OHV\/seconde-chance-tome-1\/\" target=\"_blank\" rel=\"noopener noreferrer\">roman initiatique <\/a>inspir\u00e9 de faits r\u00e9els<\/strong>.<\/h3>\n<h3 style=\"text-align: justify;\">Engag\u00e9es depuis le d\u00e9but 2013 dans le <strong>respect de l&#8217;environnement<\/strong>, les \u00e9ditions ont pris la d\u00e9cision de proposer leurs livres \u00e0 l&#8217;<strong>impression \u00e0 la demande. Imprim\u00e9s en France<\/strong> les livres sont imprim\u00e9s au fur et \u00e0 mesure \u00e0 partir d&#8217;un livre et livr\u00e9s directement chez le point de vente ou chez le lecteur.<\/h3>\n<h3 style=\"text-align: justify;\">En 2014, une <strong>refonte du catalogue<\/strong> est organis\u00e9e avec l&#8217;aide de professionnels du graphisme. Tous les livres sont concern\u00e9s et plusieurs \u00e9ditions &#8220;<strong>2 livres en 1<\/strong>&#8221; voient le jour. Publication d&#8217;un nouveau roman : &#8220;<a href=\"https:\/\/lhommevrai-diffusion.com\/OHV\/reunion-talents\/\" target=\"_blank\" rel=\"noopener noreferrer\">R\u00e9union de talents<\/a>&#8220;, \u00e9dit\u00e9 en partenariat en 2015 avec Surfrider foundation s&#8217;inscrivant dans la liste de nos <strong><a href=\"https:\/\/lhommevrai-diffusion.com\/OHV\/solidarite\/\" target=\"_blank\" rel=\"noopener noreferrer\">actions solidaires<\/a><\/strong>.<\/h3>\n<h3 style=\"text-align: justify;\">Cr\u00e9ation d&#8217;une section jeunesse en 2014 avec un <a href=\"https:\/\/lhommevrai-diffusion.com\/OHV\/arthur-secret-larbre\/\" target=\"_blank\" rel=\"noopener noreferrer\">conte<\/a> de\u00a0Jocelyne Glond qui sera enrichi par des livres musicaux :\u00a0&#8220;<a href=\"https:\/\/lhommevrai-diffusion.com\/OHV\/rencontres-au-jardin-tome-1\/\" target=\"_blank\" rel=\"noopener noreferrer\">Rencontres au jardin<\/a>&#8221; Tome 1 (2015) et Tome 2 (2016) de Delphine Bassols\u00a0illustr\u00e9s par Manuel Alcantara et &#8220;<a href=\"https:\/\/lhommevrai-diffusion.com\/OHV\/la-libellule-voyageuse\/\" target=\"_blank\" rel=\"noopener noreferrer\">La libellule voyageuse<\/a>&#8221; un conte musical de Nathalie G\u00e9rarduzzi, illustr\u00e9 par Victoria Michaud.<\/h3>\n<h3>2014 est \u00e9galement l&#8217;ann\u00e9e o\u00f9 Christophe et Xavier d\u00e9cident de vivre une nouvelle aventure en cr\u00e9ant une entreprise de services aux entreprises. Une occasion \u00e0 nouveau d&#8217;incarner les propos des livres.<\/h3>\n<h3 style=\"text-align: justify;\">Nous avons publi\u00e9\u00a0un &#8220;<a href=\"https:\/\/lhommevrai-diffusion.com\/OHV\/les-mots-sont-des-mots-mais-pas-que\/\" target=\"_blank\" rel=\"noopener noreferrer\">dico\u00e9mo<\/a>&#8220;, une ballade des \u00e9motions au fil de quelques mots de Sandrine Gaubiac.<\/h3>\n<h3 style=\"text-align: justify;\">2016 parait la premi\u00e8re retranscription des conf\u00e9rences et ateliers anim\u00e9s par Christophe Yann. Un livre donnant acc\u00e8s \u00e0 l&#8217;enregistrement de 4 conf\u00e9rences. <a href=\"https:\/\/lhommevrai-diffusion.com\/OHV\/dans-les-yeux-de-yann\/\" target=\"_blank\" rel=\"noopener noreferrer\">Dans les yeux de Yann<\/a>. Vol.1<\/h3>\n<h3>Christophe et Xavier continuent aujourd&#8217;hui leur aventure d&#8217;entrepreneurs, insufflant dans leur entreprise et celles qu&#8217;ils accompagnent, la m\u00eame \u00e9nergie et les valeurs humaines qu&#8217;ils affectionnent. Parfois, Christophe est reconnu en tant qu&#8217;auteur, ce qui offre des situations cocasses. Pour ceux qui connaissent Christophe depuis le d\u00e9but, ce parcours est tout simplement incroyable et le dire ne suffit pas. Il faut souvent que ces personnes le voient en action et se pincent plusieurs fois pour r\u00e9aliser que tout cela est bien r\u00e9el. Cependant, conscients que cela d\u00e9passe l&#8217;entendement, nous pr\u00e9f\u00e9rons laisser sous silence les exp\u00e9riences pass\u00e9es. Aussi, il nous semble, chers lecteurs, difficile de vous conter ce que nous vivons actuellement. Peut-\u00eatre un jour, reviendrons-nous vers vous avec toutes ces histoires.<\/h3>\n","protected":false},"excerpt":{"rendered":"<p>Avoir acc\u00e8s \u00e0 l\u2019intelligence de la vie et \u00e0 la paix en soi ne se cherche pas. C\u2019est une r\u00e9sultante naturelle d\u2019un \u00e9tat d\u2019esprit disponible \u00e0 l\u2019\u00e9v\u00e8nement et \u00e0 l\u2019action\u00a0! Apr\u00e8s plus de 10 ans de recul, nous pouvons toujours dire que les livres publi\u00e9s sont porteurs d&#8217;une des plus grandes innovations. A contre courant, [&hellip;]<\/p>\n","protected":false},"author":1,"featured_media":0,"parent":188,"menu_order":0,"comment_status":"closed","ping_status":"open","template":"","meta":{"_bbp_topic_count":0,"_bbp_reply_count":0,"_bbp_total_topic_count":0,"_bbp_total_reply_count":0,"_bbp_voice_count":0,"_bbp_anonymous_reply_count":0,"_bbp_topic_count_hidden":0,"_bbp_reply_count_hidden":0,"_bbp_forum_subforum_count":0,"jetpack_post_was_ever_published":false,"footnotes":""},"class_list":["post-193","page","type-page","status-publish","hentry","has-post-title","has-post-date","has-post-category","has-post-tag","has-post-comment","has-post-author",""],"jetpack_shortlink":"https:\/\/wp.me\/P77fPY-37","jetpack_sharing_enabled":true,"_links":{"self":[{"href":"https:\/\/lhommevrai-diffusion.com\/OHV\/wp-json\/wp\/v2\/pages\/193","targetHints":{"allow":["GET"]}}],"collection":[{"href":"https:\/\/lhommevrai-diffusion.com\/OHV\/wp-json\/wp\/v2\/pages"}],"about":[{"href":"https:\/\/lhommevrai-diffusion.com\/OHV\/wp-json\/wp\/v2\/types\/page"}],"author":[{"embeddable":true,"href":"https:\/\/lhommevrai-diffusion.com\/OHV\/wp-json\/wp\/v2\/users\/1"}],"replies":[{"embeddable":true,"href":"https:\/\/lhommevrai-diffusion.com\/OHV\/wp-json\/wp\/v2\/comments?post=193"}],"version-history":[{"count":57,"href":"https:\/\/lhommevrai-diffusion.com\/OHV\/wp-json\/wp\/v2\/pages\/193\/revisions"}],"predecessor-version":[{"id":13552,"href":"https:\/\/lhommevrai-diffusion.com\/OHV\/wp-json\/wp\/v2\/pages\/193\/revisions\/13552"}],"up":[{"embeddable":true,"href":"https:\/\/lhommevrai-diffusion.com\/OHV\/wp-json\/wp\/v2\/pages\/188"}],"wp:attachment":[{"href":"https:\/\/lhommevrai-diffusion.com\/OHV\/wp-json\/wp\/v2\/media?parent=193"}],"curies":[{"name":"wp","href":"https:\/\/api.w.org\/{rel}","templated":true}]}}