{"id":270,"date":"2012-01-26T17:18:26","date_gmt":"2012-01-26T16:18:26","guid":{"rendered":"http:\/\/lhommevrai-diffusion.com\/OHV\/?page_id=270"},"modified":"2015-10-08T10:45:32","modified_gmt":"2015-10-08T08:45:32","slug":"contact","status":"publish","type":"page","link":"https:\/\/lhommevrai-diffusion.com\/OHV\/liens-directs\/contact\/","title":{"rendered":"Contact"},"content":{"rendered":"<p align=\"center\"><strong>Organisation de l\u2019Homme vrai<\/strong><\/p>\n<p align=\"center\">53 chemin de l\u2019\u00e9cole<\/p>\n<p align=\"center\">97441 Sainte Suzanne<\/p>\n<p align=\"center\">Ile de la r\u00e9union<\/p>\n<p align=\"center\"><strong>Editions de l\u2019Homme vrai<\/strong><\/p>\n<p align=\"center\">29 rue de la croix de fer &#8211; Apt 6<\/p>\n<p align=\"center\">11200\u00a0Bizanet<br \/>\nFrance<\/p>\n<p style=\"text-align: center;\">\u00a0T\u00e9l : +33(0)4 11 93 02 35<\/p>\n<p style=\"text-align: center;\">Mobile : +33(0)6 85 97 01 23<br \/>\nFax : +33(0)9\u00a072 28 75 17<\/p>\n<p style=\"text-align: center;\">Email\u00a0:\u00a0<a href=\"mailto:hommevrai@gmail.com\">hommevrai @ gmail . com<\/a><\/p>\n<p>&nbsp;<\/p>\n<p>&nbsp;<\/p>\n<p>Pour les professionnels du livre :<br \/>\nNous contacter par t\u00e9l\u00e9phone; Fax ou par email :<br \/>\nT\u00e9l : +33(0)4 11 93 02 35<br \/>\nMobile : +33(0)6 85 97 01 23<br \/>\nFax : +33(0)9\u00a072 28 75 17<br \/>\nEmail : <a href=\"mailto:hommevrai@gmail.com\">hommevrai @ gmail . com<\/a><\/p>\n<p style=\"text-align: justify;\">Pour les particuliers :<br \/>\nLes ouvrages sont pr\u00e9sents en librairies, maisons de la presse mais aussi dans de nombreux magasins bio.<br \/>\nCommande directe \u00e0 la maison d\u2019\u00e9dition :<br \/>\nT\u00e9l\u00e9charger et imprimer\u00a0<a href=\"http:\/\/www.lhommevrai-diffusion.com\/Bon-de-commande-Homme-vrai.pdf\" target=\"_blank\">le bon de commande<\/a><br \/>\nou acheter en\u00a0<a href=\"http:\/\/lhommevrai-diffusion.com\/OHV\/?page_id=184\">ligne sur notre site<\/a>\u00a0(paiement par ch\u00e8que ou carte bleue ou s\u00e9curis\u00e9 via PayPal, inscription \u00e0 Paypal non obligatoire, payez directement avec votre carte bleue)<\/p>\n<!--themify_builder_content-->\n<div id=\"themify_builder_content-270\" data-postid=\"270\" class=\"themify_builder_content themify_builder_content-270 themify_builder tf_clear\">\n    <\/div>\n<!--\/themify_builder_content-->\n","protected":false},"excerpt":{"rendered":"<p>Organisation de l\u2019Homme vrai 53 chemin de l\u2019\u00e9cole 97441 Sainte Suzanne Ile de la r\u00e9union Editions de l\u2019Homme vrai 29 rue de la croix de fer &#8211; Apt 6 11200\u00a0Bizanet France \u00a0T\u00e9l : +33(0)4 11 93 02 35 Mobile : +33(0)6 85 97 01 23 Fax : +33(0)9\u00a072 28 75 17 Email\u00a0:\u00a0hommevrai @ gmail . [&hellip;]<\/p>\n","protected":false},"author":1,"featured_media":0,"parent":402,"menu_order":0,"comment_status":"closed","ping_status":"open","template":"","meta":{"_bbp_topic_count":0,"_bbp_reply_count":0,"_bbp_total_topic_count":0,"_bbp_total_reply_count":0,"_bbp_voice_count":0,"_bbp_anonymous_reply_count":0,"_bbp_topic_count_hidden":0,"_bbp_reply_count_hidden":0,"_bbp_forum_subforum_count":0,"jetpack_post_was_ever_published":false,"footnotes":""},"class_list":["post-270","page","type-page","status-publish","hentry","has-post-title","has-post-date","has-post-category","has-post-tag","has-post-comment","has-post-author",""],"jetpack_shortlink":"https:\/\/wp.me\/P77fPY-4m","jetpack_sharing_enabled":true,"_links":{"self":[{"href":"https:\/\/lhommevrai-diffusion.com\/OHV\/wp-json\/wp\/v2\/pages\/270","targetHints":{"allow":["GET"]}}],"collection":[{"href":"https:\/\/lhommevrai-diffusion.com\/OHV\/wp-json\/wp\/v2\/pages"}],"about":[{"href":"https:\/\/lhommevrai-diffusion.com\/OHV\/wp-json\/wp\/v2\/types\/page"}],"author":[{"embeddable":true,"href":"https:\/\/lhommevrai-diffusion.com\/OHV\/wp-json\/wp\/v2\/users\/1"}],"replies":[{"embeddable":true,"href":"https:\/\/lhommevrai-diffusion.com\/OHV\/wp-json\/wp\/v2\/comments?post=270"}],"version-history":[{"count":16,"href":"https:\/\/lhommevrai-diffusion.com\/OHV\/wp-json\/wp\/v2\/pages\/270\/revisions"}],"predecessor-version":[{"id":4408,"href":"https:\/\/lhommevrai-diffusion.com\/OHV\/wp-json\/wp\/v2\/pages\/270\/revisions\/4408"}],"up":[{"embeddable":true,"href":"https:\/\/lhommevrai-diffusion.com\/OHV\/wp-json\/wp\/v2\/pages\/402"}],"wp:attachment":[{"href":"https:\/\/lhommevrai-diffusion.com\/OHV\/wp-json\/wp\/v2\/media?parent=270"}],"curies":[{"name":"wp","href":"https:\/\/api.w.org\/{rel}","templated":true}]}}