{"id":400,"date":"2012-02-01T18:35:11","date_gmt":"2012-02-01T17:35:11","guid":{"rendered":"http:\/\/lhommevrai-diffusion.com\/OHV\/?page_id=400"},"modified":"2017-04-06T10:43:53","modified_gmt":"2017-04-06T08:43:53","slug":"mentions-legales","status":"publish","type":"page","link":"https:\/\/lhommevrai-diffusion.com\/OHV\/liens-directs\/mentions-legales\/","title":{"rendered":"Mentions l\u00e9gales"},"content":{"rendered":"<p>Organisation de l&#8217;Homme vrai<\/p>\n<p>si\u00e8ge social :<br \/>\n53 chemin de l&#8217;\u00e9cole<br \/>\n97441 Sainte Suzanne<br \/>\nLa R\u00e9union<\/p>\n<p>SIRET : 53362155300015<\/p>\n<p>www.homme-vrai.com<\/p>\n<p>Responsable de\u00a0la publication\u00a0:<br \/>\nAnne Nevoit<\/p>\n<p>hommevrai at gmail.com<\/p>\n<p>Sites h\u00e9berg\u00e9s par OVH<\/p>\n<!--themify_builder_content-->\n<div id=\"themify_builder_content-400\" data-postid=\"400\" class=\"themify_builder_content themify_builder_content-400 themify_builder tf_clear\">\n                    <div  data-lazy=\"1\" class=\"module_row themify_builder_row tb_vjgi600 tb_first tf_w\">\n                        <div class=\"row_inner col_align_top tb_col_count_1 tf_box tf_rel\">\n                        <div  data-lazy=\"1\" class=\"module_column tb-column col-full   tb_2qqa960 first\">\n                    <!-- module text -->\n<div  class=\"module module-text tb_zv40066   \" data-lazy=\"1\">\n    <h3 class=\"module-title\">Cr\u00e9dits photo<\/h3>    <div  class=\"tb_text_wrap\">\n        <p><a href=\\\"http:\/\/fr.123rf.com\/profile_zagandesign\\\" target=\\\"_blank\\\">123rf.com\/zagandesign<\/a><\/p><p><a href=\\\"http:\/\/fr.123rf.com\/profile_trueffelpix\\\" target=\\\"_blank\\\">123rf.com\/trueffelpix<\/a><\/p>    <\/div>\n<\/div>\n<!-- \/module text -->        <\/div>\n                        <\/div>\n        <\/div>\n        <\/div>\n<!--\/themify_builder_content-->\n","protected":false},"excerpt":{"rendered":"<p>Organisation de l&#8217;Homme vrai si\u00e8ge social : 53 chemin de l&#8217;\u00e9cole 97441 Sainte Suzanne La R\u00e9union SIRET : 53362155300015 www.homme-vrai.com Responsable de\u00a0la publication\u00a0: Anne Nevoit hommevrai at gmail.com Sites h\u00e9berg\u00e9s par OVH<\/p>\n","protected":false},"author":1,"featured_media":0,"parent":402,"menu_order":0,"comment_status":"closed","ping_status":"closed","template":"","meta":{"_bbp_topic_count":0,"_bbp_reply_count":0,"_bbp_total_topic_count":0,"_bbp_total_reply_count":0,"_bbp_voice_count":0,"_bbp_anonymous_reply_count":0,"_bbp_topic_count_hidden":0,"_bbp_reply_count_hidden":0,"_bbp_forum_subforum_count":0,"jetpack_post_was_ever_published":false,"footnotes":""},"class_list":["post-400","page","type-page","status-publish","hentry","has-post-title","has-post-date","has-post-category","has-post-tag","has-post-comment","has-post-author",""],"jetpack_shortlink":"https:\/\/wp.me\/P77fPY-6s","jetpack_sharing_enabled":true,"_links":{"self":[{"href":"https:\/\/lhommevrai-diffusion.com\/OHV\/wp-json\/wp\/v2\/pages\/400","targetHints":{"allow":["GET"]}}],"collection":[{"href":"https:\/\/lhommevrai-diffusion.com\/OHV\/wp-json\/wp\/v2\/pages"}],"about":[{"href":"https:\/\/lhommevrai-diffusion.com\/OHV\/wp-json\/wp\/v2\/types\/page"}],"author":[{"embeddable":true,"href":"https:\/\/lhommevrai-diffusion.com\/OHV\/wp-json\/wp\/v2\/users\/1"}],"replies":[{"embeddable":true,"href":"https:\/\/lhommevrai-diffusion.com\/OHV\/wp-json\/wp\/v2\/comments?post=400"}],"version-history":[{"count":8,"href":"https:\/\/lhommevrai-diffusion.com\/OHV\/wp-json\/wp\/v2\/pages\/400\/revisions"}],"predecessor-version":[{"id":5224,"href":"https:\/\/lhommevrai-diffusion.com\/OHV\/wp-json\/wp\/v2\/pages\/400\/revisions\/5224"}],"up":[{"embeddable":true,"href":"https:\/\/lhommevrai-diffusion.com\/OHV\/wp-json\/wp\/v2\/pages\/402"}],"wp:attachment":[{"href":"https:\/\/lhommevrai-diffusion.com\/OHV\/wp-json\/wp\/v2\/media?parent=400"}],"curies":[{"name":"wp","href":"https:\/\/api.w.org\/{rel}","templated":true}]}}