{"id":4606,"date":"2016-03-08T09:35:58","date_gmt":"2016-03-08T08:35:58","guid":{"rendered":"http:\/\/lhommevrai-diffusion.com\/OHV\/?page_id=4606"},"modified":"2019-10-20T20:20:27","modified_gmt":"2019-10-20T18:20:27","slug":"voyages-a-la-reunion","status":"publish","type":"page","link":"https:\/\/lhommevrai-diffusion.com\/OHV\/services\/voyages-a-la-reunion\/","title":{"rendered":"Voyages \u00e0 La R\u00e9union"},"content":{"rendered":"<!--themify_builder_content-->\n<div id=\"themify_builder_content-4606\" data-postid=\"4606\" class=\"themify_builder_content themify_builder_content-4606 themify_builder tf_clear\">\n                    <div  data-lazy=\"1\" class=\"module_row themify_builder_row tb_4hwn606 tb_first tf_w\">\n                        <div class=\"row_inner col_align_top tb_col_count_1 tf_box tf_rel\">\n                        <div  data-lazy=\"1\" class=\"module_column tb-column col-full   tb_ius1015 first\">\n                    <!-- module text -->\n<div  class=\"module module-text tb_q8mq058   \" data-lazy=\"1\">\n        <div  class=\"tb_text_wrap\">\n        <h3 style=\"text-align: justify;\">Nous proposons en partenariat avec Voyages et tourisme, agences de voyages du groupe Selectour Afat, des s\u00e9jours sur l&#8217;\u00efle de La R\u00e9union avec des visites et des conf\u00e9rences-ateliers anim\u00e9s par Christophe Yann.<\/h3><p>\u00a0<\/p>    <\/div>\n<\/div>\n<!-- \/module text -->        <\/div>\n                        <\/div>\n        <\/div>\n                        <div  data-lazy=\"1\" class=\"module_row themify_builder_row tb_0sin860 tf_w\">\n                        <div class=\"row_inner col_align_top tb_col_count_1 tf_box tf_rel\">\n                        <div  data-lazy=\"1\" class=\"module_column tb-column col-full   tb_xz22130 first\">\n                            <div  data-lazy=\"1\" class=\"module_subrow themify_builder_sub_row tf_w col_align_top tb_col_count_2 tb_qqfl169\">\n                <div  data-lazy=\"1\" class=\"module_column sub_column col4-2  tb_0b4m866 first\">\n                    <!-- module image -->\n<div  class=\"module module-image tb_qxds258 image-center    tf_mw\" data-lazy=\"1\">\n        <div class=\"image-wrap tf_rel tf_mw\">\n            <img data-recalc-dims=\"1\" decoding=\"async\" src=\"https:\/\/i0.wp.com\/lhommevrai-diffusion.com\/OHV\/wp-content\/uploads\/2014\/12\/1009846_la-reunion-ne-parvient-pas-a-enrayer-lessoufflement-du-tourisme-web-tete-0203544782636.jpg?w=1165\" title=\"Voyages \u00e0 La R\u00e9union\" alt=\"Voyages \u00e0 La R\u00e9union\">    \n        <\/div>\n    <!-- \/image-wrap -->\n    \n        <\/div>\n<!-- \/module image -->        <\/div>\n                    <div  data-lazy=\"1\" class=\"module_column sub_column col4-2  tb_buzk850 last\">\n                    <!-- module text -->\n<div  class=\"module module-text tb_tsqx101   \" data-lazy=\"1\">\n        <div  class=\"tb_text_wrap\">\n        <h2 style=\"text-align: center;\">Duo Intense<br \/> pour les randonneurs moyens<\/h2>    <\/div>\n<\/div>\n<!-- \/module text --><!-- module feature -->\n<div  class=\"module module-feature tb_qf6h008 no-chart layout-icon-left size-large \" data-layout-mobile=\"icon-top\" data-layout-desktop=\"icon-left\" data-lazy=\"1\">\n        <div class=\"module-feature-image tf_textc tf_rel\">\n                            <a href=\"http:\/\/lhommevrai-diffusion.com\/OHV\/services\/voyages-duo-intense\/\">\n                        <span class=\"module-feature-chart-html5 tf_box tf_rel tf_inline_b\">\n                                <span class=\"chart-html5-circle tf_w tf_h\">\n                                            <em class=\"module-feature-icon tf_rel\"><svg  class=\"tf_fa tf-far-paper-plane\" aria-hidden=\"true\"><use href=\"#tf-far-paper-plane\"><\/use><\/svg><\/em>\n                                    <\/span>\n\n                \n            <\/span>\n                        <\/a>\n            <\/div>\n    <div class=\"module-feature-content tf_textc\">\n                    <h3 class=\"module-feature-title\">\n                            <a href=\"http:\/\/lhommevrai-diffusion.com\/OHV\/services\/voyages-duo-intense\/\">D\u00e9couvrir le programme<\/a>\n                        <\/h3>\n                    <div class=\"tb_text_wrap\">\n            <p>du 9 au 17 septembre 2017<br \/>du 8 au 16 septembre 2018<\/p>        <\/div>\n    <\/div>\n<\/div>\n<!-- \/module feature -->\n        <\/div>\n                    <\/div>\n                <\/div>\n                        <\/div>\n        <\/div>\n                        <div  data-lazy=\"1\" class=\"module_row themify_builder_row tb_xc30706 tf_w\">\n                        <div class=\"row_inner col_align_top tb_col_count_1 tf_box tf_rel\">\n                        <div  data-lazy=\"1\" class=\"module_column tb-column col-full   tb_0j03006 first\">\n                            <div  data-lazy=\"1\" class=\"module_subrow themify_builder_sub_row tf_w col_align_top tb_col_count_2 tb_yscw888\">\n                <div  data-lazy=\"1\" class=\"module_column sub_column col4-2  tb_bsfl611 first\">\n                    <!-- module video -->\n<div  class=\"module module-video tb_4wbh866 video-top  \" data-lazy=\"1\">\n                    <div class=\"video-wrap-outer\">\n            <div class=\"video-wrap tf_rel tf_overflow\">\n                                    <noscript><iframe data-no-script src=\"https:\/\/www.youtube.com\/embed\/QGawdcPkGSc?pip=1&#038;playsinline=1\" allow=\"accelerometer;encrypted-media;gyroscope;picture-in-picture;fullscreen\" class=\"tf_abs tf_w tf_h\"><\/iframe><\/noscript>\n                                <\/div>\n            <!-- \/video-wrap -->\n        <\/div>\n        <!-- \/video-wrap-outer -->\n            <\/div>\n        <\/div>\n                    <div  data-lazy=\"1\" class=\"module_column sub_column col4-2  tb_kic8601 last\">\n                    <!-- module text -->\n<div  class=\"module module-text tb_5v4n110   \" data-lazy=\"1\">\n        <div  class=\"tb_text_wrap\">\n        <h2 style=\"text-align: center;\">Douceurs exotiques<br \/> pour un s\u00e9jour d\u00e9tente<\/h2>    <\/div>\n<\/div>\n<!-- \/module text --><!-- module feature -->\n<div  class=\"module module-feature tb_c6rb000 no-chart layout-icon-left size-large \" data-layout-mobile=\"icon-top\" data-layout-desktop=\"icon-left\" data-lazy=\"1\">\n        <div class=\"module-feature-image tf_textc tf_rel\">\n                            <a href=\"http:\/\/voyages-et-tourisme.eu\/voyages-douceurs-exotiques\/\" target=\"_blank\" rel=\"noopener\">\n                        <span class=\"module-feature-chart-html5 tf_box tf_rel tf_inline_b\">\n                                <span class=\"chart-html5-circle tf_w tf_h\">\n                                            <em class=\"module-feature-icon tf_rel\"><svg  class=\"tf_fa tf-far-paper-plane\" aria-hidden=\"true\"><use href=\"#tf-far-paper-plane\"><\/use><\/svg><\/em>\n                                    <\/span>\n\n                \n            <\/span>\n                        <\/a>\n            <\/div>\n    <div class=\"module-feature-content tf_textc\">\n                    <h3 class=\"module-feature-title\">\n                            <a href=\"http:\/\/voyages-et-tourisme.eu\/voyages-douceurs-exotiques\/\" target=\"_blank\" rel=\"noopener\">D\u00e9couvrir le programme<\/a>\n                        <\/h3>\n                    <div class=\"tb_text_wrap\">\n            <p>du 18 au 25 ao\u00fbt 2017<br \/>du 20 au 27 septembre 2017<br \/>du 17 au 24 ao\u00fbt 2018<br \/>du 19 au 26 septembre 2018<\/p>        <\/div>\n    <\/div>\n<\/div>\n<!-- \/module feature -->\n        <\/div>\n                    <\/div>\n                <\/div>\n                        <\/div>\n        <\/div>\n                        <div  data-lazy=\"1\" class=\"module_row themify_builder_row tb_wf93101 tf_w\">\n                        <div class=\"row_inner col_align_top tb_col_count_1 tf_box tf_rel\">\n                        <div  data-lazy=\"1\" class=\"module_column tb-column col-full   tb_wbem006 first\">\n                    <!-- module text -->\n<div  class=\"module module-text tb_uto0306   \" data-lazy=\"1\">\n        <div  class=\"tb_text_wrap\">\n        <h4>En partenariat avec<\/h4>    <\/div>\n<\/div>\n<!-- \/module text --><!-- module image -->\n<div  class=\"module module-image tb_2pis001 image-center    tf_mw\" data-lazy=\"1\">\n        <div class=\"image-wrap tf_rel tf_mw\">\n            <a href=\"http:\/\/voyages-et-tourisme.eu\/voyages-organises\/\" rel=\"noopener\" target=\"_blank\">\n                   <img data-recalc-dims=\"1\" decoding=\"async\" src=\"https:\/\/i0.wp.com\/lhommevrai-diffusion.com\/OHV\/wp-content\/uploads\/2014\/12\/logo-selectour-voyages-et-tourisme2.png?w=200\"  title=\"Voyages \u00e0 La R\u00e9union\" alt=\"Voyages \u00e0 La R\u00e9union\">        <\/a>\n    \n        <\/div>\n    <!-- \/image-wrap -->\n    \n        <\/div>\n<!-- \/module image -->        <\/div>\n                        <\/div>\n        <\/div>\n        <\/div>\n<!--\/themify_builder_content-->","protected":false},"excerpt":{"rendered":"<p>Nous proposons en partenariat avec Voyages et tourisme, agences de voyages du groupe Selectour Afat, des s\u00e9jours sur l&#8217;\u00efle de La R\u00e9union avec des visites et des conf\u00e9rences-ateliers anim\u00e9s par Christophe Yann. \u00a0 Duo Intense pour les randonneurs moyens D\u00e9couvrir le programme du 9 au 17 septembre 2017du 8 au 16 septembre 2018 Douceurs exotiques [&hellip;]<\/p>\n","protected":false},"author":1,"featured_media":0,"parent":127,"menu_order":0,"comment_status":"closed","ping_status":"closed","template":"","meta":{"_bbp_topic_count":0,"_bbp_reply_count":0,"_bbp_total_topic_count":0,"_bbp_total_reply_count":0,"_bbp_voice_count":0,"_bbp_anonymous_reply_count":0,"_bbp_topic_count_hidden":0,"_bbp_reply_count_hidden":0,"_bbp_forum_subforum_count":0,"jetpack_post_was_ever_published":false,"footnotes":""},"class_list":["post-4606","page","type-page","status-publish","hentry","has-post-title","has-post-date","has-post-category","has-post-tag","has-post-comment","has-post-author",""],"jetpack_shortlink":"https:\/\/wp.me\/P77fPY-1ci","jetpack_sharing_enabled":true,"_links":{"self":[{"href":"https:\/\/lhommevrai-diffusion.com\/OHV\/wp-json\/wp\/v2\/pages\/4606","targetHints":{"allow":["GET"]}}],"collection":[{"href":"https:\/\/lhommevrai-diffusion.com\/OHV\/wp-json\/wp\/v2\/pages"}],"about":[{"href":"https:\/\/lhommevrai-diffusion.com\/OHV\/wp-json\/wp\/v2\/types\/page"}],"author":[{"embeddable":true,"href":"https:\/\/lhommevrai-diffusion.com\/OHV\/wp-json\/wp\/v2\/users\/1"}],"replies":[{"embeddable":true,"href":"https:\/\/lhommevrai-diffusion.com\/OHV\/wp-json\/wp\/v2\/comments?post=4606"}],"version-history":[{"count":4,"href":"https:\/\/lhommevrai-diffusion.com\/OHV\/wp-json\/wp\/v2\/pages\/4606\/revisions"}],"predecessor-version":[{"id":5044,"href":"https:\/\/lhommevrai-diffusion.com\/OHV\/wp-json\/wp\/v2\/pages\/4606\/revisions\/5044"}],"up":[{"embeddable":true,"href":"https:\/\/lhommevrai-diffusion.com\/OHV\/wp-json\/wp\/v2\/pages\/127"}],"wp:attachment":[{"href":"https:\/\/lhommevrai-diffusion.com\/OHV\/wp-json\/wp\/v2\/media?parent=4606"}],"curies":[{"name":"wp","href":"https:\/\/api.w.org\/{rel}","templated":true}]}}