{"id":4806,"date":"2016-08-27T11:45:27","date_gmt":"2016-08-27T09:45:27","guid":{"rendered":"http:\/\/lhommevrai-diffusion.com\/OHV\/?page_id=4806"},"modified":"2019-10-24T01:45:43","modified_gmt":"2019-10-23T23:45:43","slug":"les-conferences-telephoniques-2015","status":"publish","type":"page","link":"https:\/\/lhommevrai-diffusion.com\/OHV\/services\/conferences-telephoniques\/les-conferences-telephoniques-2015\/","title":{"rendered":"Les conf\u00e9rences t\u00e9l\u00e9phoniques 2015"},"content":{"rendered":"<!--themify_builder_content-->\n<div id=\"themify_builder_content-4806\" data-postid=\"4806\" class=\"themify_builder_content themify_builder_content-4806 themify_builder tf_clear\">\n                    <div  data-desktop-padding=\"5%,5%\" data-css_id=\"jtw7091\" data-lazy=\"1\" class=\"module_row themify_builder_row fullwidth_row_container tb_jtw7091 tb_first tf_w\">\n                        <div class=\"row_inner col_align_top tb_col_count_1 tf_box tf_rel\">\n                        <div  data-lazy=\"1\" class=\"module_column tb-column col-full tb_70lf714 first\">\n                    <!-- module text -->\n<div  class=\"module module-text tb_pcqr010   \" data-lazy=\"1\">\n        <div  class=\"tb_text_wrap\">\n        <h2>Les 6 conf\u00e9rences de 2015<\/h2><h3>Les th\u00e8mes :<\/h3><h4 style=\"padding-left: 30px;\">Doit-on se lib\u00e9rer du pass\u00e9 pour avancer ?<br \/>Les \u00e9motions<br \/>La communication<br \/>L&#8217;\u00e9go\u00efsme<br \/>Les leviers du changement<br \/>Motivation et changement<\/h4>    <\/div>\n<\/div>\n<!-- \/module text -->        <div  data-lazy=\"1\" class=\"module_subrow themify_builder_sub_row tf_w col_align_top tb_col_count_3 tb_7w6n444\">\n                <div  data-lazy=\"1\" class=\"module_column sub_column col3-1 tb_n7dx100 first\">\n                            <\/div>\n                    <div  data-lazy=\"1\" class=\"module_column sub_column col3-1 tb_27bl011\">\n        <span  class=\"builder_row_cover tf_abs\" data-lazy=\"1\"><\/span>                    <\/div>\n                    <div  data-lazy=\"1\" class=\"module_column sub_column col3-1 tb_1y01303 last\">\n                            <\/div>\n                    <\/div>\n                <\/div>\n                        <\/div>\n        <\/div>\n        <\/div>\n<!--\/themify_builder_content-->","protected":false},"excerpt":{"rendered":"<p>Les 6 conf\u00e9rences de 2015 Les th\u00e8mes : Doit-on se lib\u00e9rer du pass\u00e9 pour avancer ?Les \u00e9motionsLa communicationL&#8217;\u00e9go\u00efsmeLes leviers du changementMotivation et changement<\/p>\n","protected":false},"author":1,"featured_media":0,"parent":4456,"menu_order":0,"comment_status":"closed","ping_status":"closed","template":"","meta":{"_bbp_topic_count":0,"_bbp_reply_count":0,"_bbp_total_topic_count":0,"_bbp_total_reply_count":0,"_bbp_voice_count":0,"_bbp_anonymous_reply_count":0,"_bbp_topic_count_hidden":0,"_bbp_reply_count_hidden":0,"_bbp_forum_subforum_count":0,"jetpack_post_was_ever_published":false,"footnotes":""},"class_list":["post-4806","page","type-page","status-publish","hentry","has-post-title","has-post-date","has-post-category","has-post-tag","has-post-comment","has-post-author",""],"jetpack_shortlink":"https:\/\/wp.me\/P77fPY-1fw","jetpack_sharing_enabled":true,"_links":{"self":[{"href":"https:\/\/lhommevrai-diffusion.com\/OHV\/wp-json\/wp\/v2\/pages\/4806","targetHints":{"allow":["GET"]}}],"collection":[{"href":"https:\/\/lhommevrai-diffusion.com\/OHV\/wp-json\/wp\/v2\/pages"}],"about":[{"href":"https:\/\/lhommevrai-diffusion.com\/OHV\/wp-json\/wp\/v2\/types\/page"}],"author":[{"embeddable":true,"href":"https:\/\/lhommevrai-diffusion.com\/OHV\/wp-json\/wp\/v2\/users\/1"}],"replies":[{"embeddable":true,"href":"https:\/\/lhommevrai-diffusion.com\/OHV\/wp-json\/wp\/v2\/comments?post=4806"}],"version-history":[{"count":17,"href":"https:\/\/lhommevrai-diffusion.com\/OHV\/wp-json\/wp\/v2\/pages\/4806\/revisions"}],"predecessor-version":[{"id":6005,"href":"https:\/\/lhommevrai-diffusion.com\/OHV\/wp-json\/wp\/v2\/pages\/4806\/revisions\/6005"}],"up":[{"embeddable":true,"href":"https:\/\/lhommevrai-diffusion.com\/OHV\/wp-json\/wp\/v2\/pages\/4456"}],"wp:attachment":[{"href":"https:\/\/lhommevrai-diffusion.com\/OHV\/wp-json\/wp\/v2\/media?parent=4806"}],"curies":[{"name":"wp","href":"https:\/\/api.w.org\/{rel}","templated":true}]}}