{"id":5422,"date":"2018-01-23T11:21:00","date_gmt":"2018-01-23T10:21:00","guid":{"rendered":"http:\/\/lhommevrai-diffusion.com\/OHV\/services\/conferences-telephoniques-copy\/"},"modified":"2019-10-20T23:58:31","modified_gmt":"2019-10-20T21:58:31","slug":"conferences-telephoniques-reglement","status":"publish","type":"page","link":"https:\/\/lhommevrai-diffusion.com\/OHV\/services\/conferences-telephoniques-reglement\/","title":{"rendered":"Conf\u00e9rences t\u00e9l\u00e9phoniques R\u00e8glement"},"content":{"rendered":"<!--themify_builder_content-->\n<div id=\"themify_builder_content-5422\" data-postid=\"5422\" class=\"themify_builder_content themify_builder_content-5422 themify_builder tf_clear\">\n                    <div  data-lazy=\"1\" class=\"module_row themify_builder_row tb_unjj224 tb_first tf_w\">\n                        <div class=\"row_inner col_align_top tb_col_count_1 tf_box tf_rel\">\n                        <div  data-lazy=\"1\" class=\"module_column tb-column col-full tb_scqz101 first\">\n                            <div  data-lazy=\"1\" class=\"module_subrow themify_builder_sub_row tf_w col_align_top tb_col_count_2 tb_25lc102\">\n                <div  data-lazy=\"1\" class=\"module_column sub_column col3-1 tb_qqua156 first\">\n                    <!-- module text -->\n<div  class=\"module module-text tb_yavg029  repeat \" data-lazy=\"1\">\n        <div  class=\"tb_text_wrap\">\n        <h3 style=\"text-align: justify;\">Merci pour votre inscription. Il ne vous reste plus qu&#8217;\u00e0 choisir votre mode de r\u00e8glement.<\/h3>\n<h4>Le paiement par la plateforme HelloAsso via carte bleue permet, si vous le souhaitez, <a href=\"https:\/\/www.helloasso.com\/associations\/organisation-de-l-homme-vrai\/formulaires\/1\" target=\"_blank\" rel=\"noopener\">un paiement mensuel<\/a>.<\/h4>    <\/div>\n<\/div>\n<!-- \/module text -->        <\/div>\n                    <div  data-lazy=\"1\" class=\"module_column sub_column col3-2 tb_0uw0100 last\">\n                    <!-- module image -->\n<div  class=\"module module-image tb_rdll061 image-top   auto_fullwidth tf_mw\" data-lazy=\"1\">\n        <div class=\"image-wrap tf_rel tf_mw\">\n            <img data-recalc-dims=\"1\" decoding=\"async\" src=\"https:\/\/i0.wp.com\/lhommevrai-diffusion.com\/OHV\/wp-content\/uploads\/2016\/11\/CONFERENCES-TELEPHONIQUES.jpg?w=1165\" title=\"Conf\u00e9rences t\u00e9l\u00e9phoniques R\u00e8glement\" alt=\"Conf\u00e9rences t\u00e9l\u00e9phoniques R\u00e8glement\">    \n        <\/div>\n    <!-- \/image-wrap -->\n    \n        <\/div>\n<!-- \/module image -->        <\/div>\n                    <\/div>\n                <\/div>\n                        <\/div>\n        <\/div>\n                        <div  data-desktop-padding=\"5%,5%\" data-anchor=\"inscription\" data-css_id=\"3b2j151\" data-lazy=\"1\" class=\"module_row themify_builder_row fullwidth_row_container tb_has_section tb_section-inscription tb_3b2j151 tf_w\">\n                        <div class=\"row_inner col_align_top tb_col_count_1 tf_box tf_rel\">\n                        <div  data-lazy=\"1\" class=\"module_column tb-column col-full tb_nrv5551 first\">\n                    <!-- module text -->\n<div  class=\"module module-text tb_2f2v710   \" data-lazy=\"1\">\n        <div  class=\"tb_text_wrap\">\n        <p style=\"text-align: center;\">Choisir le mode de paiement : par carte bleue sur\u00a0le site de <span style=\"color: #0000ff;\"><a style=\"color: #0000ff;\" href=\"https:\/\/www.helloasso.com\/associations\/organisation-de-l-homme-vrai\/adhesions\/conferences-telephoniques-animees-par-christophe-yann\" target=\"_blank\" rel=\"noopener\">HelloAsso<\/a><\/span><a href=\"https:\/\/www.helloasso.com\/associations\/organisation-de-l-homme-vrai\/evenements\/conferences-telephoniques-animees-par-christophe-yann\" target=\"_blank\" rel=\"noopener\"><br \/><\/a>ou par carte bleue\/ch\u00e8que\/paypal sur la <span style=\"color: #0000ff;\"><a style=\"color: #0000ff;\" href=\"http:\/\/www.lhommevrai-diffusion.com\/ebook\/product.php?id_product=93\" target=\"_blank\">boutique en ligne<\/a><\/span><\/p>    <\/div>\n<\/div>\n<!-- \/module text -->        <div  data-lazy=\"1\" class=\"module_subrow themify_builder_sub_row tf_w col_align_top tb_col_count_2 tb_2gnj504\">\n                <div  data-lazy=\"1\" class=\"module_column sub_column col4-2 tb_9z9b445 first\">\n                    <!-- module text -->\n<div  class=\"module module-text tb_ep39110   \" data-lazy=\"1\">\n    <h3 class=\"module-title\">Carte bleue<\/h3>    <div  class=\"tb_text_wrap\">\n        <h3 style=\"text-align: center;\">Mode de paiement pr\u00e9f\u00e9r\u00e9<br \/> 100% s\u00e9curis\u00e9 sur<\/h3><p style=\"text-align: center;\"><a href=\"https:\/\/www.helloasso.com\/associations\/organisation-de-l-homme-vrai\/evenements\/consultations-collaboratives\" target=\"_blank\" rel=\"noopener\"><img data-recalc-dims=\"1\" loading=\"lazy\" decoding=\"async\" class=\"size-full wp-image-4892 aligncenter\" src=\"https:\/\/i0.wp.com\/lhommevrai-diffusion.com\/OHV\/wp-content\/uploads\/2016\/09\/helloasso-logo.png?resize=220%2C51\" alt=\"helloasso logo\" width=\"220\" height=\"51\" srcset=\"https:\/\/i0.wp.com\/lhommevrai-diffusion.com\/OHV\/wp-content\/uploads\/2016\/09\/helloasso-logo.png?w=220&amp;ssl=1 220w, https:\/\/i0.wp.com\/lhommevrai-diffusion.com\/OHV\/wp-content\/uploads\/2016\/09\/helloasso-logo.png?resize=60%2C14&amp;ssl=1 60w, https:\/\/i0.wp.com\/lhommevrai-diffusion.com\/OHV\/wp-content\/uploads\/2016\/09\/helloasso-logo.png?resize=200%2C46&amp;ssl=1 200w\" sizes=\"auto, (max-width: 220px) 100vw, 220px\" \/><\/a><\/p><p style=\"text-align: center;\">\u00a0<\/p>    <\/div>\n<\/div>\n<!-- \/module text --><!-- module button pro -->\n<div  id=\"tb_9fij151\" class=\"module module-button tb_9fij151 button-link-external  tb_default_color\" data-lazy=\"1\">\n\t\n    <a class=\"ui builder_button tb_default_color rounded gradient\" href=\"https:\/\/www.helloasso.com\/associations\/organisation-de-l-homme-vrai\/adhesions\/conferences-telephoniques-animees-par-christophe-yann\" target=\"_blank\" rel=\"noopener\">\n\t\t<span><svg  class=\"tf_fa tf-fas-angle-double-right\" aria-hidden=\"true\"><use href=\"#tf-fas-angle-double-right\"><\/use><\/svg><\/span> \t\t<span>Choisir helloasso<\/span>\n    <\/a>\n\n\t\n\t<\/div>\n<!-- \/module button pro -->\n<!-- module button pro -->\n<div  id=\"tb_ohfa115\" class=\"module module-button tb_ohfa115 button-link-external  tb_default_color\" data-lazy=\"1\">\n\t\n    <a class=\"ui builder_button tb_default_color rounded gradient\" href=\"https:\/\/www.helloasso.com\/associations\/organisation-de-l-homme-vrai\/formulaires\/1\" target=\"_blank\" rel=\"noopener\">\n\t\t\t\t<span>Helloasso Paiement mensuel<\/span>\n    <\/a>\n\n\t\n\t<\/div>\n<!-- \/module button pro -->\n        <\/div>\n                    <div  data-lazy=\"1\" class=\"module_column sub_column col4-2 tb_nbxh811 last\">\n                    <!-- module text -->\n<div  class=\"module module-text tb_zows065   \" data-lazy=\"1\">\n    <h3 class=\"module-title\">Sur notre boutique en ligne<\/h3>    <div  class=\"tb_text_wrap\">\n        <h3 style=\"text-align: center;\">Mode de paiement 100%\u00a0s\u00e9curis\u00e9<br \/> sur notre boutique en ligne<br \/>Carte bleue ou ch\u00e8que<\/h3>    <\/div>\n<\/div>\n<!-- \/module text --><!-- module icon -->\n<div  class=\"module module-icon tb_5wwu501  xlarge none icon_horizontal \" data-lazy=\"1\">\n\t\t\t<div class=\"module-icon-item\">\n\t\t\t\t\t\t\t\t\t\t\t\t\t\t\t\t<em class=\"tf_boxblue\"\n\t\t\t\t\t\t\t\t\t\t\t\t\t\t\t\t\t><svg  class=\"tf_fa tf-fab-cc-paypal\" aria-hidden=\"true\"><use href=\"#tf-fab-cc-paypal\"><\/use><\/svg><\/em>\n\t\t\t\t\t\t\t\t\t\t\t\t\t\t<\/div>\n\t\t\t<div class=\"module-icon-item\">\n\t\t\t\t\t\t\t\t\t\t\t\t\t\t\t\t<em class=\"tf_boxgreen\"\n\t\t\t\t\t\t\t\t\t\t\t\t\t\t\t\t\t><svg  class=\"tf_fa tf-fab-cc-visa\" aria-hidden=\"true\"><use href=\"#tf-fab-cc-visa\"><\/use><\/svg><\/em>\n\t\t\t\t\t\t\t\t\t\t\t\t\t\t<\/div>\n\t\t\t<div class=\"module-icon-item\">\n\t\t\t\t\t\t\t\t\t\t\t\t\t\t\t\t<em class=\"tf_boxblue\"\n\t\t\t\t\t\t\t\t\t\t\t\t\t\t\t\t\t><svg  class=\"tf_fa tf-far-credit-card\" aria-hidden=\"true\"><use href=\"#tf-far-credit-card\"><\/use><\/svg><\/em>\n\t\t\t\t\t\t\t\t\t\t\t\t\t\t<\/div>\n\t<\/div>\n<!-- \/module icon -->\n<!-- module button pro -->\n<div  id=\"tb_avfb128\" class=\"module module-button tb_avfb128 button-link-external  tb_default_color\" data-lazy=\"1\">\n\t\n    <a class=\"ui builder_button tb_default_color rounded gradient\" href=\"http:\/\/www.lhommevrai-diffusion.com\/ebook\/category.php?id_category=7\" target=\"_blank\">\n\t\t<span><svg  class=\"tf_fa tf-fas-angle-double-right\" aria-hidden=\"true\"><use href=\"#tf-fas-angle-double-right\"><\/use><\/svg><\/span> \t\t<span>Choisir la boutique en ligne<\/span>\n    <\/a>\n\n\t\n\t<\/div>\n<!-- \/module button pro -->\n        <\/div>\n                    <\/div>\n                <\/div>\n                        <\/div>\n        <\/div>\n                        <div  data-lazy=\"1\" class=\"module_row themify_builder_row tb_twru051 tf_w\">\n                        <div class=\"row_inner col_align_top tb_col_count_1 tf_box tf_rel\">\n                        <div  data-lazy=\"1\" class=\"module_column tb-column col-full tb_7ifj117 first\">\n                            <div  data-lazy=\"1\" class=\"module_subrow themify_builder_sub_row tf_w col_align_top tb_col_count_2 tb_1u68127\">\n                <div  data-lazy=\"1\" class=\"module_column sub_column col4-2 tb_h2qb151 first\">\n                    <!-- module image -->\n<div  class=\"module module-image tb_7bmu851 image-top   auto_fullwidth tf_mw\" data-lazy=\"1\">\n        <div class=\"image-wrap tf_rel tf_mw\">\n            <img data-recalc-dims=\"1\" decoding=\"async\" src=\"https:\/\/i0.wp.com\/lhommevrai-diffusion.com\/OHV\/wp-content\/uploads\/2016\/01\/Dans-les-yeux-de-yann-1-cover.jpg?w=1165\" title=\"Conf\u00e9rences t\u00e9l\u00e9phoniques R\u00e8glement\" alt=\"Conf\u00e9rences t\u00e9l\u00e9phoniques R\u00e8glement\">    \n        <\/div>\n    <!-- \/image-wrap -->\n    \n        <\/div>\n<!-- \/module image -->        <\/div>\n                    <div  data-lazy=\"1\" class=\"module_column sub_column col4-2 tb_10uw582 last\">\n                    <!-- module text -->\n<div  class=\"module module-text tb_xzut101   \" data-lazy=\"1\">\n        <div  class=\"tb_text_wrap\">\n        <h4>\u00c0 leur cr\u00e9ation en 2011, les conf\u00e9rences t\u00e9l\u00e9phoniques r\u00e9pondaient au besoin de garder le contact avec les lecteurs et ceux qui avaient rencontr\u00e9 Christophe Yann lors d\u2019un s\u00e9minaire.<\/h4><h4>Tr\u00e8s vite elles sont devenues bien plus que cela, offrant un espace d\u2019\u00e9changes mais aussi de transmission de messages pratiques. <br \/>Un v\u00e9ritable lieu de dynamisation diront certains participants.<\/h4><h4>Ce livre regroupe les retranscriptions de certaines conf\u00e9rences et ateliers anim\u00e9s par l\u2019auteur au fil des ann\u00e9es.<\/h4><h4>C\u2019est une vision du monde issue de son v\u00e9cu qu\u2019il vous offre au travers d\u2019explications simples et applicables.<\/h4><h4>Mis en action cela change une vie.<\/h4>    <\/div>\n<\/div>\n<!-- \/module text --><!-- module callout -->\n<div  class=\"module ui module-callout tb_g996110 button-right light-blue  \" data-lazy=\"1\">\n    \n    <div class=\"callout-inner\">\n    <div class=\"callout-content tf_left\">\n        <h3 class=\"callout-heading\">Dans les yeux de Yann - Vol 1<\/h3>\n        <div class=\"tb_text_wrap\">\n            4 conf\u00e9rences audio incluses dont une in\u00e9dite        <\/div>\n    <\/div>\n    <!-- \/callout-content -->\n                    <div class=\"callout-button tf_right tf_textr\">\n            <a href=\"http:\/\/lhommevrai-diffusion.com\/OHV\/dans-les-yeux-de-yann\/\" class=\"ui builder_button  green\" rel=\"noopener\" target=\"_blank\">\n                <span class=\"tb_callout_text\">Voir le livre<\/span>\n            <\/a>\n        <\/div>\n            <\/div>\n    <!-- \/callout-content -->\n<\/div>\n<!-- \/module callout -->\n        <\/div>\n                    <\/div>\n                <\/div>\n                        <\/div>\n        <\/div>\n                        <div  data-lazy=\"1\" class=\"module_row themify_builder_row tb_94i6190 tf_w\">\n                        <div class=\"row_inner col_align_top tb_col_count_1 tf_box tf_rel\">\n                        <div  data-lazy=\"1\" class=\"module_column tb-column col-full tb_q2d0061 first\">\n                    <!-- module text -->\n<div  class=\"module module-text tb_3cyz006   \" data-lazy=\"1\">\n        <div  class=\"tb_text_wrap\">\n        <p style=\"text-align: center;\"><div style='display:none;' class='shareaholic-canvas' data-app='share_buttons' data-title='Conf\u00e9rences t\u00e9l\u00e9phoniques R\u00e8glement' data-link='https:\/\/lhommevrai-diffusion.com\/OHV\/services\/conferences-telephoniques-reglement\/' data-app-id='307594'><\/div><\/p>    <\/div>\n<\/div>\n<!-- \/module text --><!-- module text -->\n<div  class=\"module module-text tb_a0i8688   \" data-lazy=\"1\">\n        <div  class=\"tb_text_wrap\">\n        <p style=\"text-align: center;\"><a href=\"http:\/\/www.freepik.com\" target=\"_blank\" rel=\"noopener\">Designed by Freepik<\/a><\/p>    <\/div>\n<\/div>\n<!-- \/module text -->        <\/div>\n                        <\/div>\n        <\/div>\n        <\/div>\n<!--\/themify_builder_content-->","protected":false},"excerpt":{"rendered":"<p>Merci pour votre inscription. Il ne vous reste plus qu&#8217;\u00e0 choisir votre mode de r\u00e8glement. Le paiement par la plateforme HelloAsso via carte bleue permet, si vous le souhaitez, un paiement mensuel. Choisir le mode de paiement : par carte bleue sur\u00a0le site de HelloAssoou par carte bleue\/ch\u00e8que\/paypal sur la boutique en ligne Carte bleue [&hellip;]<\/p>\n","protected":false},"author":1,"featured_media":0,"parent":127,"menu_order":0,"comment_status":"closed","ping_status":"closed","template":"","meta":{"_bbp_topic_count":0,"_bbp_reply_count":0,"_bbp_total_topic_count":0,"_bbp_total_reply_count":0,"_bbp_voice_count":0,"_bbp_anonymous_reply_count":0,"_bbp_topic_count_hidden":0,"_bbp_reply_count_hidden":0,"_bbp_forum_subforum_count":0,"jetpack_post_was_ever_published":false,"footnotes":""},"class_list":["post-5422","page","type-page","status-publish","hentry","has-post-title","has-post-date","has-post-category","has-post-tag","has-post-comment","has-post-author",""],"jetpack_shortlink":"https:\/\/wp.me\/P77fPY-1ps","jetpack_sharing_enabled":true,"_links":{"self":[{"href":"https:\/\/lhommevrai-diffusion.com\/OHV\/wp-json\/wp\/v2\/pages\/5422","targetHints":{"allow":["GET"]}}],"collection":[{"href":"https:\/\/lhommevrai-diffusion.com\/OHV\/wp-json\/wp\/v2\/pages"}],"about":[{"href":"https:\/\/lhommevrai-diffusion.com\/OHV\/wp-json\/wp\/v2\/types\/page"}],"author":[{"embeddable":true,"href":"https:\/\/lhommevrai-diffusion.com\/OHV\/wp-json\/wp\/v2\/users\/1"}],"replies":[{"embeddable":true,"href":"https:\/\/lhommevrai-diffusion.com\/OHV\/wp-json\/wp\/v2\/comments?post=5422"}],"version-history":[{"count":15,"href":"https:\/\/lhommevrai-diffusion.com\/OHV\/wp-json\/wp\/v2\/pages\/5422\/revisions"}],"predecessor-version":[{"id":5437,"href":"https:\/\/lhommevrai-diffusion.com\/OHV\/wp-json\/wp\/v2\/pages\/5422\/revisions\/5437"}],"up":[{"embeddable":true,"href":"https:\/\/lhommevrai-diffusion.com\/OHV\/wp-json\/wp\/v2\/pages\/127"}],"wp:attachment":[{"href":"https:\/\/lhommevrai-diffusion.com\/OHV\/wp-json\/wp\/v2\/media?parent=5422"}],"curies":[{"name":"wp","href":"https:\/\/api.w.org\/{rel}","templated":true}]}}