{"id":6451,"date":"2018-08-10T17:39:42","date_gmt":"2018-08-10T15:39:42","guid":{"rendered":"http:\/\/lhommevrai-diffusion.com\/OHV\/?page_id=6451"},"modified":"2018-11-09T18:12:09","modified_gmt":"2018-11-09T17:12:09","slug":"delf","status":"publish","type":"page","link":"https:\/\/lhommevrai-diffusion.com\/OHV\/delf\/","title":{"rendered":"Delf"},"content":{"rendered":"<!--themify_builder_content-->\n<div id=\"themify_builder_content-6451\" data-postid=\"6451\" class=\"themify_builder_content themify_builder_content-6451 themify_builder tf_clear\">\n                    <div  data-css_id=\"2219d46\" data-lazy=\"1\" class=\"module_row themify_builder_row fullwidth_row_container tb_2219d46 tb_first tf_w\">\n                        <div class=\"row_inner col_align_top tb_col_count_1 tf_box tf_rel\">\n                        <div  data-lazy=\"1\" class=\"module_column tb-column col-full tb_fa7695e first\">\n                            <div  data-lazy=\"1\" class=\"module_subrow themify_builder_sub_row tf_w gutter-none col_align_middle tb_col_count_2 tb_83b8db5\">\n                <div  data-lazy=\"1\" class=\"module_column sub_column col3-1 tb_84c354f first\">\n                    <!-- module text -->\n<div  class=\"module module-text tb_72144eb  repeat  wow\" data-tf-animation=\"fadeInLeft\" data-lazy=\"1\">\n        <div  class=\"tb_text_wrap\">\n        <h1>Delf<\/h1>    <\/div>\n<\/div>\n<!-- \/module text --><!-- module text -->\n<div  class=\"module module-text tb_9ae1ae3  repeat  wow\" data-tf-animation=\"fadeInLeft\" data-lazy=\"1\">\n        <div  class=\"tb_text_wrap\">\n        <p>Aider une artiste \u00e0 enregistrer son premier album<\/p>    <\/div>\n<\/div>\n<!-- \/module text --><!-- module buttons -->\n<div  class=\"module module-buttons tb_e22e389 buttons-horizontal solid  xlarge squared wow\" data-tf-animation=\"fadeInLeft\" data-lazy=\"1\">\n        <div class=\"module-buttons-item tf_in_flx\">\n                        <a href=\"https:\/\/www.helloasso.com\/associations\/passeurs-d-emotions\/collectes\/delf-premier-album\" class=\"ui builder_button tf_in_flx tb_default_color\" target=\"_blank\" rel=\"noopener\">\n                                                Voir la campagne                                        <\/a>\n                <\/div>\n            <\/div>\n<!-- \/module buttons -->\n        <\/div>\n                    <div  data-lazy=\"1\" class=\"module_column sub_column col3-2 tb_6678330 banner-img last\">\n                    <!-- module image -->\n<div  class=\"module module-image tb_84655ad image-top   tf_mw wow\" data-tf-animation=\"fadeInRight\" data-lazy=\"1\">\n        <div class=\"image-wrap tf_rel tf_mw\">\n            <img data-recalc-dims=\"1\" loading=\"lazy\" decoding=\"async\" src=\"https:\/\/i0.wp.com\/lhommevrai-diffusion.com\/OHV\/wp-content\/uploads\/2018\/08\/32235704_1719489848127786_1000664299783323648_n-1024x683.jpg?resize=1024%2C683\" width=\"1024\" height=\"683\" title=\"Delf\" alt=\"Delf\">    \n        <\/div>\n    <!-- \/image-wrap -->\n    \n        <\/div>\n<!-- \/module image -->        <\/div>\n                    <\/div>\n                <\/div>\n                        <\/div>\n        <\/div>\n                        <div  data-lazy=\"1\" class=\"module_row themify_builder_row tb_db4f023 tf_w\">\n                        <div class=\"row_inner col_align_top tb_col_count_1 tf_box tf_rel\">\n                        <div  data-lazy=\"1\" class=\"module_column tb-column col-full tb_99ebe37 first\">\n        <span class=\"tb_row_frame_wrap tf_overflow tf_abs\" data-lazy=\"1\"><span class=\"tb_row_frame tb_row_frame_top  tf_abs tf_hide tf_overflow tf_w\"><\/span><\/span>                    <div  data-lazy=\"1\" class=\"module_subrow themify_builder_sub_row tf_w col_align_middle tb_col_count_2 tb_ba10f99\">\n                <div  data-lazy=\"1\" class=\"module_column sub_column col4-2 tb_7fa3dd9 first\">\n                    <!-- module image -->\n<div  class=\"module module-image tb_fa7df20 image-top   tf_mw wow\" data-tf-animation=\"fadeInLeft\" data-lazy=\"1\">\n        <div class=\"image-wrap tf_rel tf_mw\">\n            <img data-recalc-dims=\"1\" loading=\"lazy\" decoding=\"async\" src=\"https:\/\/i0.wp.com\/lhommevrai-diffusion.com\/OHV\/wp-content\/uploads\/2018\/08\/Delf-group-2-1024x683.jpg?resize=1024%2C683\" width=\"1024\" height=\"683\" title=\"Delf\" alt=\"Delf\">    \n        <\/div>\n    <!-- \/image-wrap -->\n    \n        <\/div>\n<!-- \/module image --><!-- module template_part -->\n<div  class=\"module module-layout-part tb_aa7707e \">\n    <\/div>\n<!-- \/module template_part -->        <\/div>\n                    <div  data-lazy=\"1\" class=\"module_column sub_column col4-2 tb_d4ac9fa last\">\n                    <!-- module video -->\n<div  class=\"module module-video tb_2473b62 video-top  \" data-lazy=\"1\">\n                    <div class=\"video-wrap-outer\">\n            <div class=\"video-wrap tf_rel tf_overflow\">\n                                    <noscript><iframe data-no-script src=\"https:\/\/www.youtube.com\/embed\/_MhHFLGNWAE?pip=1&#038;playsinline=1\" allow=\"accelerometer;encrypted-media;gyroscope;picture-in-picture;fullscreen\" class=\"tf_abs tf_w tf_h\"><\/iframe><\/noscript>\n                                <\/div>\n            <!-- \/video-wrap -->\n        <\/div>\n        <!-- \/video-wrap-outer -->\n            <\/div>\n        <\/div>\n                    <\/div>\n                <div  data-lazy=\"1\" class=\"module_subrow themify_builder_sub_row tf_w col_align_top tb_col_count_2 tb_c99c3aa\">\n                <div  data-lazy=\"1\" class=\"module_column sub_column col4-2 tb_79024dc first\">\n                    <!-- module template_part -->\n<div  class=\"module module-layout-part tb_29ce711 \">\n    <\/div>\n<!-- \/module template_part -->        <\/div>\n                    <div  data-lazy=\"1\" class=\"module_column sub_column col4-2 tb_1025593 last\">\n                            <\/div>\n                    <\/div>\n        <!-- module image -->\n<div  class=\"module module-image tb_08fc4e5 image-top   tf_mw\" data-lazy=\"1\">\n        <div class=\"image-wrap tf_rel tf_mw\">\n            <img data-recalc-dims=\"1\" decoding=\"async\" src=\"https:\/\/i0.wp.com\/lhommevrai-diffusion.com\/OHV\/wp-content\/uploads\/2018\/08\/Delf-group.jpg?w=1165\" title=\"Delf\" alt=\"Delf\">    \n        <\/div>\n    <!-- \/image-wrap -->\n    \n        <\/div>\n<!-- \/module image --><!-- module text -->\n<div  class=\"module module-text tb_58fe4bb  repeat  wow\" data-tf-animation=\"fadeInUp\" data-lazy=\"1\">\n        <div  class=\"tb_text_wrap\">\n        <h2>Enregistrement de son premier album \u00e0 l\\&#8217;automne 2018<\/h2>    <\/div>\n<\/div>\n<!-- \/module text --><!-- module video -->\n<div  class=\"module module-video tb_48d997b video-top  \" data-lazy=\"1\">\n                    <div class=\"video-wrap-outer\">\n            <div class=\"video-wrap tf_rel tf_overflow\">\n                                    <noscript><iframe data-no-script src=\"https:\/\/www.youtube.com\/embed\/sXhPN_2kEuA?pip=1&#038;playsinline=1\" allow=\"accelerometer;encrypted-media;gyroscope;picture-in-picture;fullscreen\" class=\"tf_abs tf_w tf_h\"><\/iframe><\/noscript>\n                                <\/div>\n            <!-- \/video-wrap -->\n        <\/div>\n        <!-- \/video-wrap-outer -->\n            <\/div>\n        <\/div>\n                        <\/div>\n        <\/div>\n                        <div  data-css_id=\"1a18c57\" data-lazy=\"1\" class=\"module_row themify_builder_row fullwidth_row_container tb_1a18c57 tf_w\">\n                        <div class=\"row_inner col_align_top tb_col_count_1 tf_box tf_rel\">\n                        <div  data-lazy=\"1\" class=\"module_column tb-column col-full tb_41b2330 first\">\n                    <!-- module image -->\n<div  class=\"module module-image tb_4de07cb image-center   tf_mw wow\" data-tf-animation=\"fadeInUp\" data-lazy=\"1\">\n        <div class=\"image-wrap tf_rel tf_mw\">\n            <img data-recalc-dims=\"1\" loading=\"lazy\" decoding=\"async\" src=\"https:\/\/i0.wp.com\/themify.me\/demo\/themes\/shoppe-music\/files\/2017\/03\/volumn-icon.png?resize=168%2C76&#038;ssl=1\" width=\"168\" height=\"76\" title=\"Delf\" alt=\"Delf\">    \n        <\/div>\n    <!-- \/image-wrap -->\n    \n        <\/div>\n<!-- \/module image --><!-- module text -->\n<div  class=\"module module-text tb_675b8b9  repeat  wow\" data-tf-animation=\"fadeInUp\" data-lazy=\"1\">\n        <div  class=\"tb_text_wrap\">\n        <h2>Vous pouvez aider Delf \u00e0 produire son album<\/h2>\n<h5>en participant \u00e0 la campagne de financement participatif\u00a0<\/h5>    <\/div>\n<\/div>\n<!-- \/module text -->        <div  data-lazy=\"1\" class=\"module_subrow themify_builder_sub_row tf_w gutter-narrow col_align_top tb_col_count_2 tb_b85b4ec\">\n                <div  data-lazy=\"1\" class=\"module_column sub_column col4-2 tb_1754349 first\">\n                    <!-- module buttons -->\n<div  class=\"module module-buttons tb_c9a0112 buttons-horizontal solid  xlarge squared wow\" data-tf-animation=\"fadeInLeft\" data-lazy=\"1\">\n        <div class=\"module-buttons-item tf_in_flx\">\n                        <a href=\"https:\/\/www.helloasso.com\/associations\/passeurs-d-emotions\/collectes\/delf-premier-album\" class=\"ui builder_button tf_in_flx tb_default_color\" target=\"_blank\" rel=\"noopener\">\n                                                Aider Delf                                        <\/a>\n                <\/div>\n            <\/div>\n<!-- \/module buttons -->\n        <\/div>\n                    <div  data-lazy=\"1\" class=\"module_column sub_column col4-2 tb_fd33fc4 last\">\n                            <\/div>\n                    <\/div>\n                <\/div>\n                        <\/div>\n        <\/div>\n                        <div  data-lazy=\"1\" class=\"module_row themify_builder_row tb_681aa69 tf_w\">\n                        <div class=\"row_inner col_align_top tb_col_count_2 tf_box tf_rel\">\n                        <div  data-lazy=\"1\" class=\"module_column tb-column col4-2 tb_3b7a639 first\">\n                    <!-- module text -->\n<div  class=\"module module-text tb_9d2e7a2  repeat \" data-lazy=\"1\">\n        <div  class=\"tb_text_wrap\">\n        <p>CA[TALENTS] par Olivier Jean Brunel &#8211; <a href=\\\"https:\/\/www.facebook.com\/permalink.php?story_fbid=2019659698346406&amp;id=100009071862583\\\" target=\\\"_blank\\\" rel=\\\"noopener\\\">Source<\/a><\/p><p><a class=\\\"profileLink\\\" href=\\\"https:\/\/www.facebook.com\/delphine.bassols?fref=mentions\\\" data-hovercard=\\\"\/ajax\/hovercard\/user.php?id=100000809903369&amp;extragetparams=%7B%22fref%22%3A%22mentions%22%7D\\\" data-hovercard-prefer-more-content-show=\\\"1\\\">Delphine Bassols<\/a> : sinc\u00e8re et authentique<\/p><p>Une \u00e9vidence. Delphine Bassols s\u2019est beaucoup questionn\u00e9e sur le sens de sa vie, la voie \u00e0 emprunter \u00e0 la crois\u00e9e de chemins, avec les cons\u00e9quences \u00e0 assumer, courageusement. Et c\u2019est avec humilit\u00e9, douceur et po\u00e9sie que cette chanteuse-auteur-compositeur vivant \u00e0 Argel\u00e8s-sur-Mer pose des mots sur son exp\u00e9rience artistique. Un agr\u00e9able sourire \u00e9clairant chaque phrase.<\/p><p>\u00ab J\u2019ai toujours eu envie d\u2019\u00eatre chanteuse. Ce r\u00eave d\u2019enfant, la vie fait qu\u2019on le met en sommeil, mais il murmure tout le temps \u00ab Je suis l\u00e0 ! \u00bb. Puis arrive un jour o\u00f9 on prend la peine de l\u2019\u00e9couter vraiment. Et l\u00e0, on se dit qu\u2019il faut y aller, en restant sinc\u00e8re et authentique, car on est sur terre pour concr\u00e9tiser ce r\u00eave avant que celui-ci ne se transforme en regret.\u00bb<\/p><p>N\u2019en doutons pas, le parcours n\u2019a pas \u00e9t\u00e9 toujours facile. Mais chez Delphine, la cl\u00e9 du succ\u00e8s (traduisez : \u00eatre en accord avec soi-m\u00eame dans chacun de ses actes) prend peut-\u00eatre racine dans un certain apaisement qui se marie \u00e0 une r\u00e9elle sensibilit\u00e9, une tranquille confiance en ce destin que l\u2019on veut toujours ma\u00eetriser, mais qui, au fond, restera &#8211; et c\u2019est tant mieux &#8211; inlassablement indomptable.<\/p><p>\u00ab Je n\u2019ai pas de but final. L\u2019essentiel, c\u2019est le chemin. On agit puis \u00e0 chaque r\u00e9alisation, on peut se dire : voil\u00e0, c\u2019est fait, c\u2019est valid\u00e9. Il faut juste avoir le courage de se lancer, car en fait, on est tous en proie aux m\u00eames peurs. \u00bb Ce fameux chemin trac\u00e9 par notre personnage (en partie avec son complice guitariste Pascal Perals, \u00ab un artiste humble et \u00e0 l\u2019\u00e9coute \u00bb) en s\u00e9duit plus d\u2019un. Un chemin multiforme fait d\u2019\u00e9criture de livres et cr\u00e9ations de spectacles pour enfants (\u00ab Un public qui ne triche pas \u00bb) et, surtout, de concerts avec <a id=\\\"js_d98\\\" class=\\\"profileLink\\\" href=\\\"https:\/\/www.facebook.com\/delf.music\/?fref=mentions\\\" data-hovercard=\\\"\/ajax\/hovercard\/page.php?id=576093532452583&amp;extragetparams=%7B%22fref%22%3A%22mentions%22%7D\\\" data-hovercard-prefer-more-content-show=\\\"1\\\" aria-describedby=\\\"js_d97\\\" aria-owns=\\\"\\\">Delf<\/a>, son groupe.<\/p><p>La formation existe depuis quatre ann\u00e9es. Son r\u00e9pertoire est compos\u00e9 de chansons \u00e0 textes, de Jazz, de Bossa, de Rock. \u00ab Je chante en fran\u00e7ais, une langue d\u00e9licate, et en espagnol, qui fait plus appel aux tripes. Je puise mon inspiration dans la vie, j\u2019essaie de rester vigilante sur ce qui m\u2019entoure et ce qui se passe en moi \u00bb. Il en r\u00e9sulte des textes d\u00e9licats, souvent intimes, mis en valeur par une voix aux intonations navigant entre celles de Luz Casal. (<a href=\\\"https:\/\/www.youtube.com\/watch?v=LS04M9Mz26E\\\" target=\\\"_blank\\\" rel=\\\"noopener nofollow\\\" data-ft=\\\"{&quot;tn&quot;:&quot;-U&quot;}\\\" data-lynx-mode=\\\"origin\\\" data-lynx-uri=\\\"https:\/\/l.facebook.com\/l.php?u=https%3A%2F%2Fwww.youtube.com%2Fwatch%3Fv%3DLS04M9Mz26E&amp;h=AT3t8qdtaoBxuUv16yNdCyuVO0QYscmNVybNn5le2T8uhD_ZrHfJDe4fgAdt9lKlhKHyISNFaNWJKnnhDj5jOVaeqOvfYtJC4NJ1BqWlLLM2U2Ol-syDqvNHE7oMIbYojnwZu7wLca9nWzFXYVomWjXwIsE\\\">https:\/\/www.youtube.com\/watch?v=LS04M9Mz26E<\/a>) et Linda Lemay (<a href=\\\"https:\/\/www.youtube.com\/watch?v=zrXsHDO2DOE\\\" target=\\\"_blank\\\" rel=\\\"noopener nofollow\\\" data-ft=\\\"{&quot;tn&quot;:&quot;-U&quot;}\\\" data-lynx-mode=\\\"origin\\\" data-lynx-uri=\\\"https:\/\/l.facebook.com\/l.php?u=https%3A%2F%2Fwww.youtube.com%2Fwatch%3Fv%3DzrXsHDO2DOE&amp;h=AT2DnQTRG02arq7PJ9w6HTRHnzhB7t9UjQ1HegZLtExWnPdUR34tPcSC1povUGu-SZ8ZNlWEBDXDE3rD0d5ZITMdfPQsYsTRN6JcYi0AN2AyXGQ-zOPQbWEHxfL0BUnlf7u7rPHg7MZDuePYmHT8TfwoQlg\\\">https:\/\/www.youtube.com\/watch?v=zrXsHDO2DOE<\/a>).<\/p><p>Etape logique et m\u00e9rit\u00e9e dans la vie du groupe : une fois achev\u00e9e la saison estivale synonyme de nombreuses prestations dans le d\u00e9partement, Delf rejoindra d\u00e8s octobre le cocon ouat\u00e9 du studio de Rivesaltes pour enregistrer son premier CD. Un album sans fioriture\u2026, sinc\u00e8re et authentique.<\/p><p>Retrouvez ici toute l\u2019actualit\u00e9 de <a class=\\\"profileLink\\\" href=\\\"https:\/\/www.facebook.com\/delf.music\/?fref=mentions\\\" data-hovercard=\\\"\/ajax\/hovercard\/page.php?id=576093532452583&amp;extragetparams=%7B%22fref%22%3A%22mentions%22%7D\\\" data-hovercard-prefer-more-content-show=\\\"1\\\">Delf<\/a> et de <a class=\\\"profileLink\\\" href=\\\"https:\/\/www.facebook.com\/delphine.bassols?fref=mentions\\\" data-hovercard=\\\"\/ajax\/hovercard\/user.php?id=100000809903369&amp;extragetparams=%7B%22fref%22%3A%22mentions%22%7D\\\" data-hovercard-prefer-more-content-show=\\\"1\\\">Delphine Bassols<\/a>.<\/p><p>Cr\u00e9dit photo : Fr\u00e9d\u00e9ric Ferra.<\/p>    <\/div>\n<\/div>\n<!-- \/module text -->        <\/div>\n                    <div  data-lazy=\"1\" class=\"module_column tb-column col4-2 tb_909fd8d last\">\n                    <!-- module image -->\n<div  class=\"module module-image tb_fe888f2 image-top   tf_mw\" data-lazy=\"1\">\n        <div class=\"image-wrap tf_rel tf_mw\">\n            <img data-recalc-dims=\"1\" decoding=\"async\" src=\"https:\/\/i0.wp.com\/lhommevrai-diffusion.com\/OHV\/wp-content\/uploads\/2018\/08\/Delf-live.jpg?w=1165\" title=\"Delf\" alt=\"Delf\">    \n        <\/div>\n    <!-- \/image-wrap -->\n    \n        <\/div>\n<!-- \/module image --><!-- module image -->\n<div  class=\"module module-image tb_98918dd image-overlay rounded  auto_fullwidth tf_mw\" data-lazy=\"1\">\n        <div class=\"image-wrap tf_rel tf_mw\">\n            <a href=\"https:\/\/www.francebleu.fr\/emissions\/visca-la-musica\/roussillon\/elise-max-delf\" rel=\"noopener\" target=\"_blank\">\n                   <img data-recalc-dims=\"1\" decoding=\"async\" src=\"https:\/\/i0.wp.com\/lhommevrai-diffusion.com\/OHV\/wp-content\/uploads\/2018\/09\/860_delf_seb_2.jpg?w=1165\" title=\"Delf \u00a9 Radio France - S\u00e9bastien Giraud\" alt=\"Delf \u00a9 Radio France - S\u00e9bastien Giraud\">        <\/a>\n    \n    \n        <div class=\"image-content\">\n                    <h3 class=\"image-title\">\n                                    <a href=\"https:\/\/www.francebleu.fr\/emissions\/visca-la-musica\/roussillon\/elise-max-delf\" rel=\"noopener\" target=\"_blank\">\n                        Delf \u00a9 Radio France - S\u00e9bastien Giraud                    <\/a>\n                            <\/h3>\n                    <\/div>\n    <!-- \/image-content -->\n                <\/div>\n        <!-- \/image-wrap -->\n    <\/div>\n<!-- \/module image --><!-- module text -->\n<div  class=\"module module-text tb_9814c16  repeat \" data-lazy=\"1\">\n        <div  class=\"tb_text_wrap\">\n        <p><iframe src=\\\"https:\/\/www.francebleu.fr\/player\/export\/reecouter\/extrait?content=fb83820a-8c1a-4b77-810a-9082dac6d7b0\\\"><\/iframe><\/p>\n    <\/div>\n<\/div>\n<!-- \/module text -->        <\/div>\n                        <\/div>\n        <\/div>\n        <\/div>\n<!--\/themify_builder_content-->","protected":false},"excerpt":{"rendered":"<p>Delf Aider une artiste \u00e0 enregistrer son premier album Voir la campagne Enregistrement de son premier album \u00e0 l&#8217;automne 2018 Vous pouvez aider Delf \u00e0 produire son album en participant \u00e0 la campagne de financement participatif\u00a0 Aider Delf CA[TALENTS] par Olivier Jean Brunel &#8211; Source Delphine Bassols : sinc\u00e8re et authentique Une \u00e9vidence. Delphine Bassols [&hellip;]<\/p>\n","protected":false},"author":1,"featured_media":0,"parent":0,"menu_order":0,"comment_status":"closed","ping_status":"closed","template":"","meta":{"_bbp_topic_count":0,"_bbp_reply_count":0,"_bbp_total_topic_count":0,"_bbp_total_reply_count":0,"_bbp_voice_count":0,"_bbp_anonymous_reply_count":0,"_bbp_topic_count_hidden":0,"_bbp_reply_count_hidden":0,"_bbp_forum_subforum_count":0,"jetpack_post_was_ever_published":false,"footnotes":""},"class_list":["post-6451","page","type-page","status-publish","hentry","has-post-title","has-post-date","has-post-category","has-post-tag","has-post-comment","has-post-author",""],"jetpack_shortlink":"https:\/\/wp.me\/P77fPY-1G3","jetpack_sharing_enabled":true,"_links":{"self":[{"href":"https:\/\/lhommevrai-diffusion.com\/OHV\/wp-json\/wp\/v2\/pages\/6451","targetHints":{"allow":["GET"]}}],"collection":[{"href":"https:\/\/lhommevrai-diffusion.com\/OHV\/wp-json\/wp\/v2\/pages"}],"about":[{"href":"https:\/\/lhommevrai-diffusion.com\/OHV\/wp-json\/wp\/v2\/types\/page"}],"author":[{"embeddable":true,"href":"https:\/\/lhommevrai-diffusion.com\/OHV\/wp-json\/wp\/v2\/users\/1"}],"replies":[{"embeddable":true,"href":"https:\/\/lhommevrai-diffusion.com\/OHV\/wp-json\/wp\/v2\/comments?post=6451"}],"version-history":[{"count":25,"href":"https:\/\/lhommevrai-diffusion.com\/OHV\/wp-json\/wp\/v2\/pages\/6451\/revisions"}],"predecessor-version":[{"id":6495,"href":"https:\/\/lhommevrai-diffusion.com\/OHV\/wp-json\/wp\/v2\/pages\/6451\/revisions\/6495"}],"wp:attachment":[{"href":"https:\/\/lhommevrai-diffusion.com\/OHV\/wp-json\/wp\/v2\/media?parent=6451"}],"curies":[{"name":"wp","href":"https:\/\/api.w.org\/{rel}","templated":true}]}}